of o and w.
19
Suppose -103 - 89 = -8*o. Calculate the highest common divisor of o and 12.
12
Suppose -4*b - 20 = 0, -4*f - 7 = 4*b - 75. Let p(d) = -50*d + 4. Let q be p(-3). Calculate the greatest common divisor of q and f.
22
Let z(p) = 2*p - 6. Let d be z(5). Suppose 0 = -6*r + d*r - 44. Let t be r/2*(0 - 1). What is the greatest common factor of t and 22?
11
Let z = -4 + 7. Suppose 5*d - 19 = g, z*d = 6*d - 2*g - 10. Suppose t = -d*y + 6*t + 122, 5*y - 175 = -5*t. What is the highest common divisor of y and 22?
11
Suppose -4*a + 24 = -3*z, 3*z - 35 = -3*a + 4. Suppose -j + 5 = 0, -y + 3*j = -0 - 66. Calculate the greatest common factor of y and a.
9
Let p(r) = 4*r**3 - 4*r**2 + 5*r - 5. Let j be p(2). What is the greatest common factor of 42 and j?
21
Let h be 6/33 + 678/22. Calculate the greatest common divisor of h and 217.
31
Let v = -1 + 3. Suppose -v*g = 3*g - 145. Suppose d = g + 34. What is the greatest common factor of d and 7?
7
Suppose -3*z - 77 = 4*n + 21, -92 = 2*z - 4*n. Let d = -24 - z. What is the highest common factor of 112 and d?
14
Let l be 5/(-10)*(-243 - -1). Let i be (-66)/(-12)*1*2. What is the highest common factor of l and i?
11
Suppose 0*t + 3*t = 168. Suppose -z = -4*z - 3*c + 228, z = 4*c + t. Calculate the highest common factor of z and 18.
18
Let h be 2 + 4/(-1) + 67. Let a = 49 - 23. Calculate the greatest common factor of a and h.
13
Let p = -36 + 49. Calculate the highest common divisor of p and 52.
13
Let g be 32/(-192) - (-218)/12. What is the greatest common factor of 2 and g?
2
Suppose 3*y - 49 = -3*l - 2*y, -2*l - 2*y = -34. Suppose -j = 2*j + l. Let u = 14 + j. What is the highest common divisor of u and 40?
8
Let z = 259 - 161. Let x = -62 + z. Calculate the greatest common divisor of 90 and x.
18
Let a(z) = -2*z**3 + z**2 + z - 1. Let q be a(-2). What is the highest common divisor of q and 153?
17
Let i(t) = 24*t**2 + t - 1. Let a be i(1). Let r be (8/20)/((-1)/(-30)). What is the highest common divisor of a and r?
12
Let w be 9 - (2/1)/2. Suppose -r + 1 = -1. Suppose 0 = r*t - 99 + 3. Calculate the highest common factor of w and t.
8
Let s(n) = 17*n - 2. Let p be s(1). Calculate the highest common divisor of p and 15.
15
Let j(f) = f**3 + 6*f**2 - 4*f - 3. Let y be j(-4). Let s be (0 + 10)*(-108)/y. Let b = 42 + s. What is the greatest common divisor of b and 6?
6
Suppose 0 = 4*p - 3 - 9, 3*i - 12 = -2*p. What is the greatest common factor of 2 and i?
2
Let j be (-2 - 0 - 188)/(-1). Suppose j = 5*c + 60. Suppose -2*p = -0*p - c. What is the greatest common factor of p and 13?
13
Suppose 9 = 3*g - 2*g. Let r(t) = 62*t. Let w be r(1). Let c = 125 - w. Calculate the highest common factor of c and g.
9
Let f be 36/10 + (-15)/25. Calculate the greatest common divisor of f and 6.
3
Let d(s) = s + 11. Let g be d(-6). What is the highest common divisor of 25 and g?
5
Suppose 0*y - 10 = -y. Suppose -3*p + p + y = 0. Suppose 61 = -p*t + 181. What is the highest common factor of 12 and t?
12
Suppose -5*h - 17 = -4*q, 0 = 3*q + 3*h - 2*h + 11. Let m = q - -5. What is the greatest common factor of m and 24?
3
Suppose -19*d = -18*d. Suppose 0 = 2*j - 5*u + 14, -2*u = 2*j + 2*j - 20. Let m = j - d. Calculate the greatest common divisor of 3 and m.
3
Let k be 70/(-28)*32/(-10). What is the greatest common factor of k and 20?
4
Suppose -2*i = -0*i - 2. Suppose 0 = r + i, 2*m + 1 = -r + 24. Calculate the greatest common divisor of m and 4.
4
Suppose 13 + 3 = 4*i. Suppose 7 = i*t - 5. Suppose 2*s + t*y = y + 8, 5 = 2*s + 3*y. Calculate the highest common factor of 35 and s.
7
Let r(s) = s**3 + 6*s**2 + 2*s - 7. Let k be (10/(-4) + 0)*2. Let n be r(k). Let a = n + -6. Calculate the greatest common divisor of a and 6.
2
Let a = 149 - 37. Suppose 29 = 2*f - d, 2*d + 7 - 45 = -2*f. Calculate the greatest common factor of a and f.
16
Let d = 118 - 114. What is the greatest common factor of 6 and d?
2
Suppose 2 = q - 4. Let c = q - 6. Suppose -2*l + 321 = 5*j, c*j + 201 = 3*j + 4*l. Calculate the greatest common divisor of j and 9.
9
Suppose 62 = 2*p - a, -p + 54 = p - 5*a. Suppose 3*d = -1 + 25. What is the highest common divisor of d and p?
8
Let t(r) = -r**2 + r. Let b(c) = -c**2 - 7. Let d(p) = b(p) - 4*t(p). Let u be d(5). Calculate the highest common factor of u and 12.
12
Let d(u) = -u**2 - 10*u + 3. Let w be d(-8). Suppose 0 = 3*f - w + 4. Let j = -1 + f. What is the highest common divisor of j and 10?
2
Let o be (-15)/(-3)*(0 + 6 - -4). Calculate the highest common divisor of 40 and o.
10
Suppose s = -2*s + 108. What is the greatest common factor of 12 and s?
12
Let v = -92 + 135. Suppose -4*t - 16 = 0, -3*s - 3 - v = t. Let o = -2 - s. What is the greatest common factor of 4 and o?
4
Suppose 3*q + 3*a = 21, 5*a - 23 = -3*q - 0*a. What is the highest common divisor of q and 54?
6
Suppose 0*d - 426 = 3*d. Let o = -54 - d. Calculate the highest common divisor of o and 22.
22
Let v(o) = -o**2 - 12*o - 8. Let m be v(-10). Let a = 1 + 11. What is the greatest common divisor of a and m?
12
Suppose -147 = 4*u - 359. Let y = -34 + u. Calculate the highest common factor of y and 19.
19
Let b = 54 + -44. What is the highest common factor of b and 15?
5
Let v(w) = -4*w + 7. Let c be v(0). Calculate the greatest common divisor of 35 and c.
7
Suppose 17 = 5*w - 3. Suppose -5*c + 4*d = -21, w*c = -0*c + 3*d + 17. Suppose 6*t - c*t = 18. Calculate the highest common divisor of t and 45.
9
Suppose 3*g - 3 = 9. Suppose -g*p - 1 = -33. Calculate the highest common divisor of p and 56.
8
Let o = 8 + -3. Suppose 0*w - 495 = -o*w. What is the highest common factor of 11 and w?
11
Suppose 3*f - 3*k + 4*k = 4, 1 = 5*f - 4*k. Calculate the highest common factor of 7 and f.
1
Let r(t) = t**2 + 15*t - 14. Let z be r(-21). What is the greatest common factor of 48 and z?
16
Let w(u) = -1 + 3 - 8*u + 9*u. Let c be w(6). What is the greatest common divisor of 24 and c?
8
Let x(y) = 3*y**2 - 5*y - 2. Let p be x(4). Calculate the greatest common divisor of p and 65.
13
Suppose -4*s - 63 = -15. Let u = s - -22. What is the greatest common factor of 10 and u?
10
Suppose 3*d = 5*d + 18. Let g be (5/(-3))/(1/d). Let y be (18/(-12))/((-2)/4). Calculate the greatest common factor of y and g.
3
Suppose 5*g = -5*d + 620, 6*d - 510 = 2*d + 3*g. Calculate the greatest common factor of d and 18.
18
Let c(o) = -o**3 - 4*o**2 - 2*o - 6. Let k be c(-4). Suppose -48 = -5*p + k*p. Let v be 8/(39/(-42) + 1). What is the greatest common divisor of p and v?
16
Let i = -14 + 16. Suppose i*p - 13 = z, 5*p - 42 + 14 = -2*z. What is the highest common divisor of p and 3?
3
Let w = -5 + 7. Let c be (1/w)/(5/140). Calculate the highest common divisor of 14 and c.
14
Let r(c) = 2*c**3 + 10*c**2 + 2*c + 6. Let b be r(-4). What is the highest common divisor of 12 and b?
6
Let o = 5 - 2. Let m be 1/o + (-49)/21. Let c be 5/m*72/(-6). Calculate the greatest common factor of c and 6.
6
Let o be 60/14 + (-6)/21. Let x(j) = 2*j - 5*j**2 + 0*j + j**3 - 7*j. Let d be x(6). Calculate the greatest common divisor of d and o.
2
Suppose 4*x = k + 21 + 27, 0 = -x - 5*k + 12. Let n be ((-3)/4)/((-1)/16). What is the greatest common divisor of n and x?
12
Suppose 157 = 9*w - 5. What is the greatest common divisor of w and 9?
9
Let a = -58 - -88. What is the greatest common factor of a and 30?
30
Let z(l) = -l**2 + 7*l - 3. Let s be z(5). What is the greatest common divisor of s and 77?
7
Let c be 15/(4 + 41/(-11)). Calculate the greatest common divisor of 5 and c.
5
Suppose 777 = 8*l - 2175. What is the highest common divisor of l and 41?
41
Let f = 9 + -5. Let m be 544/88 + f/(-22). Let t = 95 + -47. Calculate the highest common factor of m and t.
6
Let b = -5 + 8. Suppose -3*t - 2*f = -5*f - 51, -4*t + 33 = b*f. What is the greatest common divisor of 48 and t?
12
Let s be 90 + 2*(-3)/6*0. Let b be (-47)/(-5) + (-4)/10. Calculate the greatest common divisor of b and s.
9
Suppose -4*m = -0*m - 8. Suppose -3*x - m*x + 35 = 0. Suppose 2*p = -0*p + 112. Calculate the greatest common divisor of p and x.
7
Let v(m) = m**3 + 12*m**2 + 2*m + 9. Let r be v(-11). What is the highest common factor of 12 and r?
12
Suppose 3*w - 5*k - 129 = -w, 2*k = -2. Suppose -5*r + w + 24 = 0. Let g = -180